{"id":17,"date":"2013-10-28T09:00:49","date_gmt":"2013-10-28T07:00:49","guid":{"rendered":"http:\/\/amelang.info\/cms\/?page_id=17"},"modified":"2013-11-16T06:02:55","modified_gmt":"2013-11-16T04:02:55","slug":"uber-uns","status":"publish","type":"page","link":"https:\/\/maximum-it.de\/cms\/uber-uns\/","title":{"rendered":"\u00dcber uns"},"content":{"rendered":"<p>Die innovative Welt der Vernetzung ist der Schwerpunkt von Maximum.it<\/p>\n<p>Kommunikation via Netzwerk ist schnell und effektiv. Das Unternehmensnetzwerk bildet die Grundlage f\u00fcr durchgehend digitalen Workflow und Informationsflu\u00df. Wir schaffen daf\u00fcr die Infrastruktur.<\/p>\n<ul>\n<li>Netzwerkl\u00f6sungen<\/li>\n<li>Internet \/ Intranet \/ Extranet<\/li>\n<li>LAN\/WAN Integration<\/li>\n<li>Systemconsulting<\/li>\n<li>Service &amp; Support<\/li>\n<li>Hard- \/ Software<\/li>\n<\/ul>\n<p>Von der flexiblen Verkabelung im Kupfer- und Lichtwellenbereich \u00fcber Switching und Router-Konzepte bis hin zu Netzwerkmanagement und -analyse realisieren wir zusammen mit Ihnen innovative und wirtschaftliche L\u00f6sungen.<\/p>\n<p>Modernste Technik, Einsatz von Markenprodukten, Sorgfalt in der Ausf\u00fchrung durch qualifizierte Mitarbeiter. Um den hohen Qualit\u00e4tsstandard zu halten, pflegen wir ein strenges Qualit\u00e4tsmanagement. Dies beginnt beim Einkauf und erstreckt sich \u00fcber Mitarbeiter-Qualifizierung und Hersteller-Zertifizierung bis hin zur Abschlusskontrolle. Nur wenn Sie zufrieden sind, ist unser Qualit\u00e4tsziel erreicht.<\/p>\n","protected":false},"excerpt":{"rendered":"<p>Die innovative Welt der Vernetzung ist der Schwerpunkt von Maximum.it Kommunikation via Netzwerk ist schnell und effektiv. Das Unternehmensnetzwerk bildet die Grundlage f\u00fcr durchgehend digitalen Workflow und Informationsflu\u00df. Wir schaffen daf\u00fcr die Infrastruktur. Netzwerkl\u00f6sungen Internet \/ Intranet \/ Extranet LAN\/WAN Integration Systemconsulting Service &amp; Support Hard- \/ Software Von der flexiblen Verkabelung im Kupfer- und [&hellip;]<\/p>\n","protected":false},"author":1,"featured_media":0,"parent":0,"menu_order":0,"comment_status":"closed","ping_status":"closed","template":"","meta":{"footnotes":""},"class_list":["post-17","page","type-page","status-publish","hentry"],"_links":{"self":[{"href":"https:\/\/maximum-it.de\/cms\/wp-json\/wp\/v2\/pages\/17","targetHints":{"allow":["GET"]}}],"collection":[{"href":"https:\/\/maximum-it.de\/cms\/wp-json\/wp\/v2\/pages"}],"about":[{"href":"https:\/\/maximum-it.de\/cms\/wp-json\/wp\/v2\/types\/page"}],"author":[{"embeddable":true,"href":"https:\/\/maximum-it.de\/cms\/wp-json\/wp\/v2\/users\/1"}],"replies":[{"embeddable":true,"href":"https:\/\/maximum-it.de\/cms\/wp-json\/wp\/v2\/comments?post=17"}],"version-history":[{"count":5,"href":"https:\/\/maximum-it.de\/cms\/wp-json\/wp\/v2\/pages\/17\/revisions"}],"predecessor-version":[{"id":73,"href":"https:\/\/maximum-it.de\/cms\/wp-json\/wp\/v2\/pages\/17\/revisions\/73"}],"wp:attachment":[{"href":"https:\/\/maximum-it.de\/cms\/wp-json\/wp\/v2\/media?parent=17"}],"curies":[{"name":"wp","href":"https:\/\/api.w.org\/{rel}","templated":true}]}}