{"id":26,"date":"2013-10-28T09:05:02","date_gmt":"2013-10-28T07:05:02","guid":{"rendered":"http:\/\/amelang.info\/cms\/?page_id=26"},"modified":"2023-03-30T12:49:22","modified_gmt":"2023-03-30T10:49:22","slug":"referenzen","status":"publish","type":"page","link":"https:\/\/maximum-it.de\/cms\/referenzen\/","title":{"rendered":"Referenzen"},"content":{"rendered":"<p>maximum.it arbeitet f\u00fcr regionale sowie \u00fcberregionale Unternehmen und Organisationen jeder Gr\u00f6\u00dfenordnung, die eine professionelle IT-Kompetenz verlangen. Zufriedene Kunden sind unser st\u00e4rkstes Argument.<\/p>\n<p>Nachfolgend ein Auszug unserer Kundenliste.<\/p>\n<p style=\"padding-left: 30px;\">Deutsche Lufthansa AG Passage<br \/>\nMainFreiraum Marketing &amp; Kommunikation<br \/>\nPrivatfunkagentur der EKHN<br \/>\n\u00d6ffentl. Rechtliche Rundfunkarbeit der EKHN<br \/>\nRichter &amp; Gallert Unternehmensberatung GmbH<br \/>\nMEDIENHAUS GmbH<br \/>\nZentrum Gesellschaftliche Verantwortung der EKHN<br \/>\nZentrum Verk\u00fcndigung der EKHN<br \/>\nZentrum Bildung der EKHN<br \/>\nEv. Pressedienst Hessen<br \/>\nEv. Sonntagszeitung der EKHN<br \/>\nDiverse Kirchliche Schul\u00e4mter der EKHN<br \/>\nDekanat Rodgau<br \/>\nDekanat Dreieich<br \/>\nDekanat Bergstra\u00dfe<br \/>\nDekanat Darmstadt-Stadt<br \/>\nDekanat Vorderer Odenwald<br \/>\nPropstei Oberhessen<br \/>\nDiverse Evangelische Gemeinden und Kinderg\u00e4rten<\/p>\n","protected":false},"excerpt":{"rendered":"<p>maximum.it arbeitet f\u00fcr regionale sowie \u00fcberregionale Unternehmen und Organisationen jeder Gr\u00f6\u00dfenordnung, die eine professionelle IT-Kompetenz verlangen. Zufriedene Kunden sind unser st\u00e4rkstes Argument. Nachfolgend ein Auszug unserer Kundenliste. Deutsche Lufthansa AG Passage MainFreiraum Marketing &amp; Kommunikation Privatfunkagentur der EKHN \u00d6ffentl. Rechtliche Rundfunkarbeit der EKHN Richter &amp; Gallert Unternehmensberatung GmbH MEDIENHAUS GmbH Zentrum Gesellschaftliche Verantwortung der EKHN [&hellip;]<\/p>\n","protected":false},"author":1,"featured_media":0,"parent":0,"menu_order":3,"comment_status":"closed","ping_status":"closed","template":"","meta":{"footnotes":""},"class_list":["post-26","page","type-page","status-publish","hentry"],"_links":{"self":[{"href":"https:\/\/maximum-it.de\/cms\/wp-json\/wp\/v2\/pages\/26","targetHints":{"allow":["GET"]}}],"collection":[{"href":"https:\/\/maximum-it.de\/cms\/wp-json\/wp\/v2\/pages"}],"about":[{"href":"https:\/\/maximum-it.de\/cms\/wp-json\/wp\/v2\/types\/page"}],"author":[{"embeddable":true,"href":"https:\/\/maximum-it.de\/cms\/wp-json\/wp\/v2\/users\/1"}],"replies":[{"embeddable":true,"href":"https:\/\/maximum-it.de\/cms\/wp-json\/wp\/v2\/comments?post=26"}],"version-history":[{"count":7,"href":"https:\/\/maximum-it.de\/cms\/wp-json\/wp\/v2\/pages\/26\/revisions"}],"predecessor-version":[{"id":170,"href":"https:\/\/maximum-it.de\/cms\/wp-json\/wp\/v2\/pages\/26\/revisions\/170"}],"wp:attachment":[{"href":"https:\/\/maximum-it.de\/cms\/wp-json\/wp\/v2\/media?parent=26"}],"curies":[{"name":"wp","href":"https:\/\/api.w.org\/{rel}","templated":true}]}}