{"id":52,"date":"2013-11-15T11:27:50","date_gmt":"2013-11-15T09:27:50","guid":{"rendered":"http:\/\/amelang.info\/cms\/?page_id=52"},"modified":"2023-04-01T13:37:20","modified_gmt":"2023-04-01T11:37:20","slug":"servicezeiten","status":"publish","type":"page","link":"https:\/\/maximum-it.de\/cms\/impressum\/servicezeiten\/","title":{"rendered":"Servicezeiten"},"content":{"rendered":"<p>Sie erreichen uns telefonisch von Montag bis Freitag zwischen 9.00 und 18.00 Uhr.<\/p>\n<p>Tel.: +49 (6103) 83183 &#8211; 73<br \/>\nFax: +49 (6103) 83183 &#8211; 74<br \/>\nE-Mail:\u00a0<a href=\"mailto:service@maximum-it.de\">service@maximum-it.de<\/a><\/p>\n<p>Nach Vereinbarung stehen wir Ihnen selbstverst\u00e4ndlich auch au\u00dferhalb dieser Zeiten zur Verf\u00fcgung.<br \/>\nAu\u00dferhalb der Servicezeiten berechnen wir einen Aufschlag von 100% .<\/p>\n","protected":false},"excerpt":{"rendered":"<p>Sie erreichen uns telefonisch von Montag bis Freitag zwischen 9.00 und 18.00 Uhr. Tel.: +49 (6103) 83183 &#8211; 73 Fax: +49 (6103) 83183 &#8211; 74 E-Mail:\u00a0service@maximum-it.de Nach Vereinbarung stehen wir Ihnen selbstverst\u00e4ndlich auch au\u00dferhalb dieser Zeiten zur Verf\u00fcgung. Au\u00dferhalb der Servicezeiten berechnen wir einen Aufschlag von 100% .<\/p>\n","protected":false},"author":1,"featured_media":0,"parent":46,"menu_order":2,"comment_status":"closed","ping_status":"closed","template":"","meta":{"footnotes":""},"class_list":["post-52","page","type-page","status-publish","hentry"],"_links":{"self":[{"href":"https:\/\/maximum-it.de\/cms\/wp-json\/wp\/v2\/pages\/52","targetHints":{"allow":["GET"]}}],"collection":[{"href":"https:\/\/maximum-it.de\/cms\/wp-json\/wp\/v2\/pages"}],"about":[{"href":"https:\/\/maximum-it.de\/cms\/wp-json\/wp\/v2\/types\/page"}],"author":[{"embeddable":true,"href":"https:\/\/maximum-it.de\/cms\/wp-json\/wp\/v2\/users\/1"}],"replies":[{"embeddable":true,"href":"https:\/\/maximum-it.de\/cms\/wp-json\/wp\/v2\/comments?post=52"}],"version-history":[{"count":5,"href":"https:\/\/maximum-it.de\/cms\/wp-json\/wp\/v2\/pages\/52\/revisions"}],"predecessor-version":[{"id":172,"href":"https:\/\/maximum-it.de\/cms\/wp-json\/wp\/v2\/pages\/52\/revisions\/172"}],"up":[{"embeddable":true,"href":"https:\/\/maximum-it.de\/cms\/wp-json\/wp\/v2\/pages\/46"}],"wp:attachment":[{"href":"https:\/\/maximum-it.de\/cms\/wp-json\/wp\/v2\/media?parent=52"}],"curies":[{"name":"wp","href":"https:\/\/api.w.org\/{rel}","templated":true}]}}